**2 - 15*i. Give q(-9).
-27
Let q(b) = -b**3 + 10*b**2 - 10*b + 3. Give q(9).
-6
Let s(k) = -3*k**2 + 15*k - 24. Determine s(4).
-12
Let d(j) = -5*j. Determine d(-4).
20
Let u(j) = -j**2 - 2*j. Calculate u(4).
-24
Let o(v) = 98*v + 119. Give o(-1).
21
Let o(c) = 21*c - 2. Determine o(4).
82
Let o(v) = v + 25. Calculate o(-27).
-2
Let k(v) = -v**2 - 19*v + 37. Calculate k(-19).
37
Let c(f) = -f**3 - 22*f**2 - 21*f - 1. Calculate c(-21).
-1
Let p(z) = 7*z - 49. Give p(10).
21
Let a(l) = -3*l - 1. Give a(4).
-13
Let m(b) = 2*b + 19. Calculate m(3).
25
Let a(r) = -3*r + 26. Give a(9).
-1
Let o(t) = -3*t + 42. Determine o(16).
-6
Let a(d) = -2*d + 45. Calculate a(13).
19
Let a(q) = -q - 15. Calculate a(-7).
-8
Let f(b) = b**2 - 37*b + 139. Determine f(33).
7
Let o(c) = -c**3 + 11*c**2 - 16. Give o(11).
-16
Let c(h) = -3*h + 9. Determine c(10).
-21
Let z(m) = 3*m + 76. What is z(-16)?
28
Let c(v) = v**2 - 13*v - 4. Calculate c(11).
-26
Let y(x) = -x**2 - 5*x + 4. Give y(4).
-32
Let z(r) = -48*r**3 + 2*r**2 + r. Give z(-1).
49
Let z(g) = -67*g + 535. Calculate z(8).
-1
Let f(w) = -w**3 - 8*w**2 - 14*w - 13. Calculate f(-5).
-18
Let z(u) = -2*u - 12. Give z(6).
-24
Let c(a) = -a**2 - 4*a - 13. Give c(-6).
-25
Let y(o) = -24*o - 224. Calculate y(-9).
-8
Let r(n) = n**3 + 6*n**2 - 5*n - 43. What is r(-5)?
7
Let b(o) = o**2 - 14*o - 6. Give b(14).
-6
Let y(c) = c**3 + c**2 - 3*c + 1. Determine y(-2).
3
Let t(x) = x**2 + 52*x - 848. Determine t(13).
-3
Let v(b) = -3*b**2 - 121*b + 86. Calculate v(-41).
4
Let r(q) = q**3 - 2*q**2 - 3*q + 2. Calculate r(2).
-4
Let v(z) = -z**3 + 12*z**2 - 29*z - 10. Calculate v(9).
-28
Let p(v) = -v**3 - 2*v**2 + 5*v - 1. Calculate p(-5).
49
Let p(d) = 29*d**3 - d**2 + 1. What is p(1)?
29
Let z(v) = 21*v**2 - 9*v + 6. Determine z(1).
18
Let j(x) = -12*x + 78. Determine j(6).
6
Let j(s) = -s**2 + 5*s + 102. Calculate j(-8).
-2
Let t(u) = -31*u - 28. Determine t(-2).
34
Let v(h) = -h**2 + 6*h + 21. Give v(8).
5
Let x(q) = -4*q**2 - 9*q + 19. What is x(6)?
-179
Let n(d) = -57*d + 2. Determine n(1).
-55
Let c(i) = -i**2 - 21*i - 93. Calculate c(-6).
-3
Let f(m) = -m**3 + 5*m**2 - 7*m + 8. What is f(4)?
-4
Let j(a) = -a**3 - 24*a**2 + 26*a - 3. Calculate j(-25).
-28
Let u(q) = q**2 + 9*q - 80. What is u(5)?
-10
Let w(k) = k**3 - 5*k**2 - 13*k - 9. Calculate w(7).
-2
Let p(x) = -x**2 - 3. Calculate p(4).
-19
Let t(q) = q - 23. What is t(11)?
-12
Let t(z) = -z**3 + 10*z**2 - 25*z + 32. Calculate t(7).
4
Let p(d) = d - 7. Calculate p(-9).
-16
Let s(h) = 9*h**2 + h. Calculate s(1).
10
Let b(f) = f**2 + 17*f - 27. Calculate b(-17).
-27
Let y(d) = -d**2 - 9*d + 154. Give y(9).
-8
Let b(a) = a**3 - 4*a**2 - 2*a + 6. Give b(3).
-9
Let m(k) = k**3 - 10*k**2 + 13*k - 12. Give m(9).
24
Let r(q) = q**3 - 9*q**2 - 9*q - 8. What is r(10)?
2
Let p(a) = -5*a - 39. Calculate p(17).
-124
Let t(j) = 3*j**2 + 4*j + 1. What is t(-1)?
0
Let q(x) = -3*x - 3. Give q(-3).
6
Let p(l) = -2*l + 13. Determine p(12).
-11
Let t(g) = -g**3 - 9*g**2 - 6*g + 16. What is t(-8)?
0
Let s(l) = l**3 - 5*l**2 + 19*l - 96. What is s(5)?
-1
Let z(j) = -8*j + 54. What is z(8)?
-10
Let n(c) = -2*c - 8. Calculate n(3).
-14
Let f(z) = 4*z - 2. Calculate f(2).
6
Let a(c) = c**3 + 29*c**2 + 16*c + 464. What is a(-29)?
0
Let y(m) = m**2 + 3*m + 6. Give y(-3).
6
Let z(o) = o**3 + 6*o**2 + 3*o - 15. Give z(-5).
-5
Let j(n) = -n**3 + 11*n**2 + n - 3. Give j(11).
8
Let l(g) = -g**3 - 8*g**2 + 12*g - 71. Determine l(-10).
9
Let f(k) = -2*k**2 - 9*k - 7. What is f(-4)?
-3
Let w(f) = f**2 - 9*f - 1. Calculate w(10).
9
Let l(y) = y**3 - 10*y**2 + 10*y - 3. Give l(9).
6
Let l(i) = 2*i - 43. Calculate l(21).
-1
Let l(z) = -2*z - 15. Calculate l(-5).
-5
Let l(j) = -6*j**3 + 2*j**2 - 4*j + 1. Calculate l(1).
-7
Let g(q) = -153*q - 612. Give g(-4).
0
Let m(g) = g**2 + 7*g - 1. What is m(-5)?
-11
Let m(w) = 5*w + 4. Calculate m(5).
29
Let z(i) = -16*i**2 + 122*i + 42. Determine z(8).
-6
Let n(p) = 9*p - 320. Calculate n(35).
-5
Let b(n) = -4*n + 4. What is b(2)?
-4
Let j(q) = -31*q - 209. What is j(-6)?
-23
Let f(i) = -14*i**3 + 2*i**2 - 2*i + 1. What is f(1)?
-13
Let w(v) = -v**3 - v**2 - v - 20. Give w(0).
-20
Let w(i) = -i**3 - 13*i**2 - 8*i + 2. Calculate w(-12).
-46
Let k(a) = a + 18. Give k(18).
36
Let z(o) = -o**2 - o - 1. Determine z(-1).
-1
Let f(b) = b**2 - 4*b - 5. Calculate f(-5).
40
Let i(t) = t**2 + 12*t - 44. What is i(-15)?
1
Let w(l) = -l**3 - 6*l**2 - 7*l + 6. Calculate w(-4).
2
Let k(y) = 5*y**2 - 5. Calculate k(-2).
15
Let u(h) = -2*h**3 - 7*h**2 + 2*h + 6. What is u(-3)?
-9
Let n(a) = -3*a**2 - 11*a - 8. What is n(-4)?
-12
Let p(m) = 2*m**2 + 20*m - 8. Calculate p(-10).
-8
Let f(j) = -j**2 + 12*j - 5. Give f(9).
22
Let z(d) = -d**3 + 16*d**2 + d - 17. Give z(16).
-1
Let f(b) = b + 10. Calculate f(0).
10
Let n(d) = -6*d + 158. Calculate n(26).
2
Let q(f) = -16*f + 8. Calculate q(5).
-72
Let n(t) = t**2 + 18*t + 8. Determine n(-18).
8
Let a(k) = -5*k - 4. Determine a(4).
-24
Let l(y) = -6*y - 71. Calculate l(-16).
25
Let n(p) = p**3 - 21*p**2 - 4. Determine n(21).
-4
Let g(f) = 6*f + 27. Give g(-5).
-3
Let z(g) = g**3 + g**2 + 3*g - 2. Determine z(2).
16
Let m(f) = -f**3 - 5*f**2 - 5*f. Calculate m(-2).
-2
Let l(i) = -i**3 - 3*i**2 + 3*i + 2. Determine l(3).
-43
Let t(h) = h**3 + 8*h**2 + 14*h + 26. Give t(-6).
14
Let w(v) = v**2 + 8*v - 5. Give w(-7).
-12
Let n(j) = -11*j + 111. Calculate n(15).
-54
Let i(g) = 2*g + 24. Determine i(-10).
4
Let i(n) = -n**2 - 16*n - 18. Determine i(-13).
21
Let x(c) = -72*c - 2. Give x(-1).
70
Let m(b) = b**3 + 6*b**2 + 2*b - 21. Give m(-5).
-6
Let h(s) = -s**3 + 4*s**2 + 6*s + 8. What is h(6)?
-28
Let n(s) = 23*s + 1. Calculate n(-2).
-45
Let m(r) = r + 16. Give m(-23).
-7
Let i(w) = -2*w**2 + 22*w - 49. Calculate i(12).
-73
Let j(n) = -5*n**2 + 2*n + 1. Give j(-1).
-6
Let a(j) = j - 37. What is a(29)?
-8
Let m(q) = 2*q - 7. Determine m(6).
5
Let i(w) = w**2 - 2*w - 17. Calculate i(0).
-17
Let u(f) = f + 5. Determine u(-2).
3
Let r(s) = -s**3 - 12*s**2 + 29*s + 14. Calculate r(-14).
0
Let p(n) = 27*n + 1. Calculate p(1).
28
Let i(s) = -2*s - 38. Calculate i(-32).
26
Let c(r) = -24*r - 143. Calculate c(-6).
1
Let t(j) = j**2 - j + 10. What is t(0)?
10
Let h(v) = v**3 + 11*v**2 + 14*v + 36. Determine h(-10).
-4
Let z(q) = 3*q**2 + 11*q + 14. Calculate z(-4).
18
Let p(r) = -r**3 - 9*r**2 - 14*r + 2. What is p(-7)?
2
Let n(m) = m**3 - 12*m**2 + 13*m - 26. Calculate n(11).
-4
Let h(c) = -2*c**3 + 4*c**2 + 4*c - 2. Give h(3).
-8
Let x(l) = -4*l**2 + 31*l - 1. Give x(8).
-9
Let c(k) = 25*k**3 - k**2 + 1. Calculate c(-1).
-25
Let h(y) = -y + 6. Determine h(-11).
17
Let t(f) = -f**2 + 8*f - 14. Determine t(7).
-7
Let t(z) = z**3 + 10*z**2 + 16*z - 7. What is t(-8)?
-7
Let n(w) = w**3 + 58*w**2 - w - 47. Give n(-58).
11
Let r(c) = -2*c**2 - 2*c + 1. Give r(-2).
-3
Let f(d) = 3*d**2 + d - 5. Determine f(2).
9
Let g(k) = k + 9. What is g(8)?
17
Let h(t) = -10*t + 5. Give h(3).
-25
Let x(p) = -p**2 - 17*p - 11. Give x(-18).
-29
Let r(h) = h**3 + 23*h**2 + 19*h - 41. Calculate r(-22).
25
Let h(v) = -v**2 - 13*v + 9. Give h(-7).
51
Let g(r) = 3*r. Determine g(-5).
-15
Let z(b) = -b + 17. Determine z(-7).
24
Let v(x) = x - 7. Give v(-3).
-10
Let u(o) = -o**2 - 48*o - 450. Give u(-13).
5
Let x(f) = -16*f**2 - 7*f + 7. Give x(1).
-16
Let p(h) = -6*h + 146. What is p(24)?
2
Let t(m) = 6*m**2 + 4*m + 5. What is t(-1)?
7
Let o(x) = -x**3 + 7*x**2 + 4*x - 27. Calculate o(7).
1
Let h(s) = -14*s + 2. What is h(-3)?
44
Let p(v) = -2*v - 76. Give p(-24).
-28
Let t(o) = o**3 - 2*o**2 + 9*o + 23. Determine t(-2).
-11
Let n(j) = j + 8. What is n(-21)?
-13
Let a(o) = o**3 + 9*o**2 - 12*o - 18. Calculate a(-10).
2
Let l(v) = -191*v**3 - v**2 - 2*v - 1. Determine l(-1).
191
Let u(o) = 16*o - 2. Give u(1).
14
Let n(g) = g**3 + 10*g**2 + 17*g + 1. What is n(-8)?
-7
Let r(b) = 24*b**2 + 2*b + 1. Give r(-1).
23
Let g(a) = -a**2 + 33*a - 246. What is g(22)?
-4
Let c(u) = -5*u - 54. Give c(-11).
1
Let f(n) = 8*n + 12. Calculate f(-2).
-4
Let a(c) = -3*c**2 - 86*c + 27. Determine a(-29).
-2
Let l(t) = -12*t**2 + 2. Give l(-2).
-46
Let m(h) = -h**2 - 18*h + 84. Give m(-22).
-4
Let s(b) = -2*b**2 + 31*b + 42. What is s(17)?
-9
Let j(k) = 4*k**3 - 3*k**2 + k. What is j(2)?
